{"id":16,"date":"2023-03-20T12:08:17","date_gmt":"2023-03-20T12:08:17","guid":{"rendered":"https:\/\/kiiapoznan.pan.pl\/?page_id=16"},"modified":"2023-03-29T11:23:56","modified_gmt":"2023-03-29T11:23:56","slug":"dzialalnosc","status":"publish","type":"page","link":"https:\/\/kiiapoznan.pan.pl\/?page_id=16","title":{"rendered":"Dzia\u0142alno\u015b\u0107"},"content":{"rendered":"\n<p>Komisja Informatyki i Automatyki w kadencji 2023-2026 liczy 40 cz\u0142onk\u00f3w, kt\u00f3rzy reprezentuj\u0105 trzy obszary naukowe: automatyk\u0119 i robotyk\u0119, informatyk\u0119 techniczn\u0105 oraz in\u017cynieri\u0119 biomedyczn\u0105. Zadaniem Komisji jest integracja \u015brodowiska naukowego regionu obejmuj\u0105cego o\u015brodki akademickie Poznania, Zielonej G\u00f3ry, Szczecina i Bydgoszczy, g\u0142\u00f3wnie poprzez organizacj\u0119 tematycznych seminari\u00f3w naukowych, wsp\u00f3\u0142udzia\u0142 w redagowaniu mi\u0119dzynarodowego czasopisma naukowego, wspieranie rozwoju kadry naukowej oraz uczestnictwo w organizacji warsztat\u00f3w i konferencji krajowych.<\/p>\n","protected":false},"excerpt":{"rendered":"<p>Komisja Informatyki i Automatyki w kadencji 2023-2026 liczy 40 cz\u0142onk\u00f3w, kt\u00f3rzy reprezentuj\u0105 trzy obszary naukowe: automatyk\u0119 i robotyk\u0119, informatyk\u0119 techniczn\u0105 oraz in\u017cynieri\u0119 biomedyczn\u0105. Zadaniem Komisji jest integracja \u015brodowiska naukowego regionu obejmuj\u0105cego o\u015brodki akademickie Poznania, Zielonej G\u00f3ry, Szczecina i Bydgoszczy, g\u0142\u00f3wnie poprzez organizacj\u0119 tematycznych seminari\u00f3w naukowych, wsp\u00f3\u0142udzia\u0142 w redagowaniu mi\u0119dzynarodowego czasopisma naukowego, wspieranie rozwoju kadry naukowej&#8230;<\/p>\n","protected":false},"author":2,"featured_media":0,"parent":0,"menu_order":0,"comment_status":"closed","ping_status":"closed","template":"","meta":{"footnotes":""},"_links":{"self":[{"href":"https:\/\/kiiapoznan.pan.pl\/index.php?rest_route=\/wp\/v2\/pages\/16"}],"collection":[{"href":"https:\/\/kiiapoznan.pan.pl\/index.php?rest_route=\/wp\/v2\/pages"}],"about":[{"href":"https:\/\/kiiapoznan.pan.pl\/index.php?rest_route=\/wp\/v2\/types\/page"}],"author":[{"embeddable":true,"href":"https:\/\/kiiapoznan.pan.pl\/index.php?rest_route=\/wp\/v2\/users\/2"}],"replies":[{"embeddable":true,"href":"https:\/\/kiiapoznan.pan.pl\/index.php?rest_route=%2Fwp%2Fv2%2Fcomments&post=16"}],"version-history":[{"count":4,"href":"https:\/\/kiiapoznan.pan.pl\/index.php?rest_route=\/wp\/v2\/pages\/16\/revisions"}],"predecessor-version":[{"id":180,"href":"https:\/\/kiiapoznan.pan.pl\/index.php?rest_route=\/wp\/v2\/pages\/16\/revisions\/180"}],"wp:attachment":[{"href":"https:\/\/kiiapoznan.pan.pl\/index.php?rest_route=%2Fwp%2Fv2%2Fmedia&parent=16"}],"curies":[{"name":"wp","href":"https:\/\/api.w.org\/{rel}","templated":true}]}}